+ 122*n + 10464. Determine h(-48).
0
Let m(l) = 2*l**3 - 15*l**2 + 21*l - 41. What is m(6)?
-23
Let k(r) = -r**2 + 98*r - 2555. Calculate k(70).
-595
Let y(x) = x**2 + 85*x - 4128. Give y(-120).
72
Let m(r) = -r**3 + 8*r**2 + 66*r - 502. Determine m(7).
9
Let s(c) = -2084*c + 29179. Give s(14).
3
Let q(v) = 15*v**2 + 12*v - 5. Calculate q(-2).
31
Let l(y) = -y**3 + 13*y**2 - 24*y + 50. What is l(12)?
-94
Let m(w) = w**3 - 6*w**2 + 18*w - 75. Give m(7).
100
Let z(f) = -30*f - 600. What is z(-19)?
-30
Let z(c) = -150*c + 1645. Calculate z(11).
-5
Let n(x) = -7*x - 195. Calculate n(-34).
43
Let g(x) = 836*x - 52657. Give g(63).
11
Let s(o) = -o**3 + 44*o**2 - 364*o + 13798. Calculate s(43).
-5
Let n(u) = 50*u - 67. Calculate n(-6).
-367
Let q(c) = c**2 + 24*c + 111. Determine q(-9).
-24
Let t(v) = 77*v - 539. Give t(15).
616
Let c(x) = 19*x**3 + 171*x**2 + 2*x + 25. Calculate c(-9).
7
Let j(m) = -3*m**2 + 13*m - 21. What is j(2)?
-7
Let o(c) = 25*c + 357. What is o(-18)?
-93
Let z(p) = -5*p**2 - 156*p - 25. What is z(-31)?
6
Let s(b) = 4*b**2 + 4*b - 54. Give s(-4).
-6
Let p(l) = -1663*l - 8307. Determine p(-5).
8
Let t(l) = -7*l**3 + 49*l**2 + 31*l - 214. Determine t(7).
3
Let z(i) = 45*i**2 - 19*i + 14. Determine z(2).
156
Let y(k) = -338*k**2 - 950*k + 2. Calculate y(-3).
-190
Let i(z) = z**3 + 15*z**2 + 49*z - 26. Calculate i(-6).
4
Let o(i) = 30*i - 292. What is o(10)?
8
Let x(m) = -m**3 + 31*m**2 - 182*m + 782. Calculate x(25).
-18
Let h(s) = s**3 + 64*s**2 + 54*s - 575. Determine h(-63).
-8
Let f(m) = 111*m + 3552. Give f(-32).
0
Let d(n) = -n**2 - 36*n + 291. Give d(-20).
611
Let q(k) = k**3 + 133*k**2 + 87*k - 5930. Give q(-132).
10
Let d(r) = -3*r**2 - 674*r - 4584. Calculate d(-7).
-13
Let h(p) = -7*p**3 + 127*p**2 + 3*p - 386. Determine h(18).
-8
Let m(i) = i**3 + 6*i**2 - 39*i - 21. Give m(-9).
87
Let r(w) = w**3 + 21*w**2 + 39*w + 26. Give r(-19).
7
Let u(c) = c**3 + 4*c**2 + c + 2. What is u(-4)?
-2
Let s(j) = 1664*j - 21639. What is s(13)?
-7
Let l(z) = -z**3 - 3*z**2 + 19*z - 30. Give l(4).
-66
Let a(u) = 261*u - 17474. Give a(67).
13
Let k(y) = -88*y + 4. Calculate k(1).
-84
Let l(a) = a**3 + 15*a**2 - 6*a - 27. What is l(-14)?
253
Let n(k) = -965*k - 6598. Determine n(-7).
157
Let g(k) = -k**3 - 2*k**2 + 35*k + 20. Determine g(7).
-176
Let r(p) = 146*p - 324. Give r(2).
-32
Let t(l) = l**3 - 6*l**2 - 21*l - 9. What is t(-2)?
1
Let o(a) = -a**3 - 55*a**2 - 56*a + 83. Give o(-54).
191
Let p(k) = k**3 - 15*k**2 + 13*k + 7. Determine p(14).
-7
Let t(l) = l**3 - 11*l**2 + 5*l - 24. Calculate t(11).
31
Let z(r) = 6*r**2 - 51*r - 11. What is z(3)?
-110
Let z(o) = -5*o**2 - 48*o + 88. Calculate z(-11).
11
Let h(u) = u**2 + 725*u - 1455. What is h(2)?
-1
Let b(m) = -10*m**2 - 559*m - 496. What is b(-55)?
-1
Let j(p) = 7*p - 231. Calculate j(29).
-28
Let m(z) = z**3 + 13*z**2 + 47*z + 23. Calculate m(-8).
-33
Let m(p) = -2*p**3 + 24*p**2 - 11. Calculate m(12).
-11
Let i(v) = -v**2 + 14*v + 283. Calculate i(-11).
8
Let l(r) = 18*r - 217. Determine l(19).
125
Let i(v) = -3086*v + 268489. Determine i(87).
7
Let m(t) = -20*t - 112. What is m(-13)?
148
Let a(f) = f**3 + 24*f**2 - 33*f - 60. Determine a(-25).
140
Let s(n) = 373*n + 4. What is s(0)?
4
Let x(l) = 3*l**2 - 297*l - 2304. What is x(106)?
-78
Let d(j) = 2*j**3 + 6*j**2 + 27*j + 44. What is d(-2)?
-2
Let g(c) = -c**3 + 90*c**2 + 283*c - 364. What is g(93)?
8
Let a(k) = -6*k**2 - 12*k - 5. Give a(-5).
-95
Let v(y) = 3*y**3 - 47*y**2 + 178*y + 9. Calculate v(9).
-9
Let j(p) = p**3 + 10*p**2 + 12*p + 16. Determine j(-9).
-11
Let x(r) = -8*r**2 - 6*r - 29. Give x(9).
-731
Let a(s) = 20*s**3 + s**2 + 2*s - 1. What is a(-1)?
-22
Let b(t) = -44*t**3 - 3*t**2 - 5*t - 1. Determine b(-1).
45
Let w(r) = 151*r - 1072. Calculate w(7).
-15
Let y(t) = 14*t + 187. Calculate y(-27).
-191
Let t(s) = -3*s**2 + 11*s + 79. Determine t(12).
-221
Let h(r) = -r**2 - 80*r + 2371. What is h(-103)?
2
Let r(v) = -2*v**3 - 83*v**2 + 248*v + 5115. What is r(-43)?
-2
Let h(k) = -1815*k - 41733. What is h(-23)?
12
Let o(u) = 2*u**2 - 49*u - 521. Give o(31).
-118
Let x(i) = -2*i**3 - 110*i**2 - 209*i + 167. Give x(-53).
8
Let h(t) = -312*t + 1864. What is h(6)?
-8
Let l(c) = -c**3 - 2*c**2 + 2*c - 2. Give l(-3).
1
Let o(h) = h**3 - h**2 - 6*h + 7. What is o(-4)?
-49
Let u(q) = q**3 + 9*q**2 + 2*q - 19. What is u(-11)?
-283
Let s(n) = 4*n**2 - 5514*n + 16520. Determine s(3).
14
Let t(r) = -r**2 - 123*r - 3781. Determine t(-63).
-1
Let w(j) = -323*j - 3609. Determine w(-11).
-56
Let w(x) = -888*x + 4391. What is w(5)?
-49
Let r(p) = -p**3 + 14*p**2 + 8*p + 19. Determine r(15).
-86
Let l(r) = r**2 - 2*r - 114. Calculate l(-7).
-51
Let d(q) = -425*q - 480. Calculate d(-3).
795
Let d(z) = 17*z - 192. What is d(12)?
12
Let p(n) = 37*n + 253. What is p(0)?
253
Let y(s) = -23*s - 678. What is y(-30)?
12
Let j(a) = a**2 + 57*a - 450. Give j(7).
-2
Let m(z) = -110*z + 885. Calculate m(8).
5
Let t(n) = 14*n**2 - 454*n + 912. Give t(2).
60
Let n(i) = 2*i**3 - 4*i**2 - 46*i - 35. Calculate n(-5).
-155
Let q(l) = -27*l + 24. Give q(0).
24
Let f(j) = -13*j - 23. Give f(-3).
16
Let n(z) = z**3 - 65*z**2 + 6*z - 403. What is n(65)?
-13
Let m(p) = 4*p**2 + 250*p - 102. Give m(-63).
24
Let u(r) = 67*r - 544. What is u(7)?
-75
Let f(g) = 21*g - 161. Calculate f(9).
28
Let a(m) = -144*m + 424. Give a(3).
-8
Let t(g) = 2*g**2 - 41*g + 147. Give t(16).
3
Let t(k) = -k**3 + 14*k**2 - 7*k + 42. Determine t(14).
-56
Let d(f) = -695*f - 2786. Determine d(-4).
-6
Let i(v) = -338*v + 2041. Calculate i(6).
13
Let j(p) = 8*p**2 + 282*p + 135. What is j(-34)?
-205
Let h(f) = 1364*f + 570156. What is h(-418)?
4
Let v(z) = z**2 - 23*z - 389. What is v(-11)?
-15
Let j(q) = 47*q + 2213. What is j(-47)?
4
Let p(g) = -6*g**3 + 13*g**2 + 6*g - 13. Calculate p(5).
-408
Let h(r) = -4*r**2 + 72*r - 48. Give h(18).
-48
Let u(b) = -20*b**2 - 33*b - 66. What is u(-2)?
-80
Let f(l) = -3*l**3 + 22*l**2 + 187*l + 12. Determine f(-5).
2
Let h(x) = -x**2 + 23*x - 16. Give h(23).
-16
Let p(g) = -3*g**2 + 220*g + 372. Calculate p(75).
-3
Let g(w) = -15*w**3 - 465*w**2 + 3*w - 27. Give g(-31).
-120
Let j(a) = 33*a - 396. Calculate j(14).
66
Let h(j) = -40*j - 3227. Determine h(-81).
13
Let k(j) = 11*j**2 - 330*j - 697. Determine k(32).
7
Let x(c) = -199*c + 10342. Calculate x(52).
-6
Let f(s) = -108*s + 4970. Determine f(46).
2
Let m(h) = 2*h - 51. Calculate m(15).
-21
Let d(f) = -2*f**2 - 3847*f - 15355. What is d(-4)?
1
Let t(l) = -58*l**2 + 647*l + 3. Give t(11).
102
Let d(t) = 780*t**2 + 5464*t + 9. Calculate d(-7).
-19
Let c(x) = x**3 - 14*x**2 + 37*x + 72. Calculate c(7).
-12
Let k(f) = 213*f + 603. Give k(-2).
177
Let s(i) = -i**3 + 3*i**2 + 133*i - 46. Give s(13).
-7
Let x(f) = -2*f**2 - 10*f + 79. Give x(-8).
31
Let d(t) = -412*t + 4128. Calculate d(10).
8
Let z(y) = 49*y**2 - 994*y + 273. Determine z(20).
-7
Let i(s) = -203*s - 3575. What is i(-17)?
-124
Let k(d) = 10*d**3 + 2*d**2 + 4*d + 3. What is k(-1)?
-9
Let z(k) = -36*k - 326. What is z(-6)?
-110
Let d(x) = -3531*x - 45906. What is d(-13)?
-3
Let y(f) = -f**3 + 10*f**2 + 67*f - 512. Give y(5).
-52
Let z(o) = -495*o + 8. Determine z(2).
-982
Let g(l) = 23*l - 36. What is g(7)?
125
Let w(g) = 2*g**3 - 90*g**2 + 650*g - 112. Calculate w(36).
-40
Let i(u) = 2859*u + 17174. Determine i(-6).
20
Let a(g) = 247*g + 195. What is a(2)?
689
Let y(k) = -3*k + 234. Give y(10).
204
Let f(n) = n**2 - 67*n + 757. Determine f(52).
-23
Let f(r) = 2*r**2 - 39*r - 1124. Give f(-16).
12
Let k(h) = -h**3 - 15*h**2 - 20*h - 21. Calculate k(-14).
63
Let s(o) = o**3 + 8*o**2 - 14*o - 4. Calculate s(-10).
-64
Let p(g) = 2*g**3 - 68*g**2 + g - 49. Determine p(34).
-15
Let s(k) = k**3 + 50*k**2 + 343*k + 292. Determine s(-42).
-2
Let c(y) = 3*y**2 + 854*y - 19591. Calculate c(-306).
-7
Let k(f) = f**2 + 7*f - 271. Calculate k(13).
-11
Let f(h) = -10761*h - 10769. Give f(-1).
-8
Let l(m) = m**3 - 20*m**2 - 89*m + 483. Give l(23).
23
Let n(q) = 168*q**2 - 12768*q - 6. Calculate n(76).
-6
Let c(p) = 53*p + 1558. Calculate c(-29).
21
Let v(y) = y**3 + 34*y**2 - 40*y - 192. Calculate v(-35).
-17
Let l(r) = -6*r**2 + 4977*r + 30072. Give l(-6).
-6
Let p(a) = -22*a**2 - 1074*a + 216. Determine p(-49).
20
Let q(u) = -3*u**3 - 4*u**